 Calculate the greatest common factor of 50 and j.
50
Let w = -10 + 15. Suppose 0 = -4*h + 3*b + 10, 5*h - 18 = 2*b - b. Suppose h*a - 87 = 3*f, 3*a + w - 62 = 5*f. What is the greatest common factor of a and 3?
3
Suppose -3*x - 6 = -21. Suppose 4 = x*m + 14. Let k be (-6)/m - (-37 + 0). What is the greatest common factor of k and 4?
4
Suppose -2*f = 0, q - 5*f - 18 = -2*q. Calculate the highest common divisor of 129 and q.
3
Let y(q) = 38*q - 3. Let h be y(1). Suppose 3*s = -2*s + 350. Calculate the greatest common divisor of s and h.
35
Let x be (2/4)/(3/12). Suppose -q + 12 = -4*d, 3*q - 18 = 2*q - x*d. Let t = 0 + 4. What is the highest common divisor of t and q?
4
Let n = -1550 - -2976. Calculate the highest common divisor of 124 and n.
62
Suppose -4*z + 5*d - 59 = -257, -4*z + 216 = 4*d. Calculate the highest common factor of z and 12.
4
Let o be (-8)/12 + 10/6. Let t be -2 - o - 0 - 7. Let h = t + 17. Calculate the greatest common factor of h and 49.
7
Suppose -99*h + 22*h = -4774. Calculate the highest common divisor of h and 248.
62
Suppose -10*j = 15*j - 10300. Calculate the highest common factor of j and 103.
103
Let z(m) = -2*m**2 + 16*m - 4. Let l be z(7). Suppose 14*s = l*s + 80. What is the highest common divisor of 50 and s?
10
Let y be 1 - ((-4)/(-14)*7 + -3455). Calculate the highest common divisor of y and 11.
11
Let y be 2/((-2)/(-2)) + -6. Let u be (2/y)/((-4)/24). Suppose 0 = -u*w + 30 + 12. What is the highest common factor of w and 21?
7
Let d be (432 + -9)/9 - 13. What is the highest common factor of 26 and d?
2
Let y be 2/(-13) + (-8340)/(-130). Calculate the greatest common divisor of 48 and y.
16
Let l = -1719 - -1737. Calculate the highest common factor of 459 and l.
9
Let z = 74 + -39. What is the highest common factor of z and 70?
35
Let j(y) = -y**2 - 12*y - 27. Let o be j(-6). Suppose -1 = 5*f + 4*g, -f + 19 = -0*f - 4*g. Calculate the greatest common factor of o and f.
3
Suppose 339 = -12*v + 5139. What is the greatest common factor of v and 50?
50
Let j be (-3312)/(-18) - 4/2. Let d be 24*((-3)/24 + j/48). Let q be (-1)/4 - 180/(-16). What is the highest common divisor of d and q?
11
Suppose l + 270 - 300 = 0. What is the highest common divisor of l and 20?
10
Let h = -1884 - -1900. Calculate the greatest common factor of h and 212.
4
Let f be (2 - (1 - -1)) + (2235 - 84). What is the greatest common factor of 9 and f?
9
Let b = -30 - -46. Let g be ((-680)/b)/((-1)/2). Calculate the highest common factor of 17 and g.
17
Let q(w) = -w + 11. Let g be q(8). Let u(v) = 2*v + 4. Let p be u(g). Calculate the greatest common divisor of p and 2.
2
Suppose -5*v + 20 - 30 = 0. Let b be (-5 - -4) + (0 - (v + -1)). What is the greatest common divisor of b and 22?
2
Suppose -31 = -2*p + 41. Let y be (-1 + 2 + -4)/((-1)/4). What is the greatest common factor of p and y?
12
Let r(c) = 12*c - 8. Let q be r(2). Suppose 51 = h + v, 2*v - 2 = 4. Calculate the highest common factor of h and q.
16
Let k(d) = -2*d + 14. Let n be k(-4). Suppose -3*m - 4*l + 0*l = -56, m = -2*l + n. What is the highest common divisor of m and 6?
6
Let d(c) = 853*c**2 + 7. Let l be d(-2). What is the greatest common divisor of l and 13?
13
Let r = 4 + 0. Let g be r/10*(226 + 14). Let p(f) = -f**3 + 6*f**2 + 8*f + 5. Let h be p(7). What is the greatest common divisor of g and h?
12
Suppose -3*p - 1023 = -3*v, 2*v - 5*p = 362 + 311. What is the greatest common divisor of 43 and v?
43
Let t(c) = -4*c**3 + c**2 - 2*c - 1. Let l be t(-2). Suppose 4*s - 16 = b, -14 = 5*s - l. Calculate the greatest common divisor of 36 and b.
4
Suppose 0 = 2*s + 5*x - 63, -2*x = 2*s - 3*s + 9. Let n be 8/12 - (-2)/6. Let d(g) = 75*g + 1. Let f be d(n). What is the greatest common divisor of s and f?
19
Suppose -3*x + x = -1768. Let l be (-3)/21 + x/14. What is the highest common divisor of 9 and l?
9
Let n(c) = -4*c**3 - 2*c**2 + 12*c - 18. Let v be n(-5). What is the highest common factor of 24 and v?
12
Let s = 105 + -17. Calculate the greatest common factor of 44 and s.
44
Let i(g) = -11*g - 3. Let r be i(-1). Calculate the greatest common divisor of 12 and r.
4
Let r(t) = -5*t**3 - 2*t**2 - 2*t - 1. Let y be r(-1). Suppose p + y*p = 0. Let u be (1 - -12)*1 + p. Calculate the highest common factor of u and 26.
13
Suppose -10 = -223*i + 222*i. Calculate the greatest common divisor of 15 and i.
5
Let t = 284 + -249. What is the greatest common factor of 7 and t?
7
Suppose 6*c = -64 + 1024. Calculate the highest common factor of 10 and c.
10
Let z(m) = -2*m + 4. Let g be z(-6). Suppose -15 = 17*p - 14*p, 5*k = 4*p + 35. Let q be (-1 + k + g)/2. What is the greatest common divisor of 45 and q?
9
Let h = 9 - 4. Suppose -f + 5 = 4*f, 3*y + h*f = 383. Let n = 27 - 13. Calculate the highest common factor of n and y.
14
Let v(p) = 33*p + 394. Let y be v(-8). Calculate the greatest common divisor of y and 13.
13
Suppose 0 = -5*n + 20, 2*m + 4*n = 3*n + 56. Suppose 2*w + 4*l - 28 = 0, 4*l = 5*w + 3*l - m. Calculate the highest common factor of 6 and w.
6
Let n(k) = 52*k**2 - 9*k + 2. Let x be n(1). What is the highest common divisor of x and 27?
9
Let s be 13*(-9)/(-5 - 4). Calculate the greatest common divisor of s and 858.
13
Suppose 5*n + 3*l - 30 = 123, -2*l + 2 = 0. Calculate the greatest common divisor of 240 and n.
30
Suppose 5*h - 59 = p, 6*p + 71 = 5*h + 2*p. What is the highest common factor of h and 473?
11
Suppose 7*n - 50 = 146. What is the highest common factor of n and 84?
28
Suppose 2686 = 17*j - 1394. Calculate the greatest common divisor of j and 192.
48
Let m = 964 + -460. Calculate the highest common divisor of m and 21.
21
Let c(h) = -17*h + 161. Let b be c(8). Calculate the highest common factor of 20 and b.
5
Let h be 40/(-2)*3/2. Let u = h - -35. Calculate the greatest common divisor of 55 and u.
5
Let v = 3 + -2. Let q = 33 - v. Calculate the highest common divisor of 8 and q.
8
Let x be 6 - -7 - (-3 - -1)/2. Calculate the greatest common factor of 21 and x.
7
Suppose -5*k - 94 = -4*m, -2*k - k - 27 = -m. Suppose 5 + 10 = 5*y. Suppose -y*c + 12 + 9 = 0. What is the highest common divisor of c and m?
7
Let z(v) be the second derivative of -v**4/12 + 10*v**3/3 + 21*v**2/2 - 12*v. Let u be z(11). Calculate the highest common factor of u and 20.
20
Suppose 8 = 5*r - 137. Suppose 805*t - 791*t - 2842 = 0. What is the greatest common factor of r and t?
29
Suppose 38*i - 2200 = -17*i. Let p be (21 + -1)/(3/3). Suppose 0 = -u + 3*u - p. What is the greatest common divisor of i and u?
10
Suppose 84 - 104 = -h. Calculate the highest common factor of h and 610.
10
Suppose 7*z - 4 = 5*z. Let p be -5 + 2 - 7 - -4. Let x be (3/(p/(-2)))/1. What is the highest common divisor of x and z?
1
Let o be 2/(-11) - (-138)/33. Suppose -a = -5*t + o - 2, 3*t - 4 = a. Let p(h) = -6*h. Let s be p(a). Calculate the highest common divisor of 7 and s.
7
Suppose 24 = -4*i + 3*m, 5*i - 2*i + 18 = 3*m. Let c be ((16/i)/4*-42)/1. What is the highest common divisor of c and 70?
14
Let a be (2 - 15/6)*-2. Let m be (-9)/(-6) - a/(-2). Suppose m*i - i = 40. Calculate the highest common divisor of i and 8.
8
Let p = -14 + 47. Let j be 4/((-8)/146) + 3. Let u be j/(-25) - (-1)/5. Calculate the greatest common divisor of u and p.
3
Let g = -64 + 69. Suppose g*q = -h + 36, -4*h - 2*q = h - 272. What is the greatest common divisor of h and 8?
8
Let w be (-2 - -1)/(4/(-20)). Suppose 3*d - 2*y = 2*d - 18, -w*d + y = 54. Let h = -4 - d. Calculate the highest common factor of 18 and h.
6
Suppose -2*k + 31 - 1 = y, -2*k + y + 26 = 0. Let j be -2*2/(-8)*k + 2. Calculate the greatest common divisor of 27 and j.
9
Suppose y + y = -5*q + 100, 0 = 3*q - 3*y - 39. Suppose 21*f = q*f + 3. Let v be (2*-7*1)/(-2). What is the greatest common factor of v and f?
1
Let f(p) = 2*p + 3. Let k be f(2). Suppose 4*y + o = 112, 18 = y + o - k. What is the highest common divisor of 174 and y?
29
Let b(v) = -41*v + 33. Let h be b(0). Calculate the greatest common divisor of 6 and h.
3
Let d = 2196 - 1371. Calculate the highest common factor of d and 33.
33
Let d = -2379 + 2443. Suppose -3*m - 4*c + 6 = 0, -5*m - 2*c + 10 = 3*c. Suppose 3*w = -m*w + 80. What is the highest common divisor of w and d?
16
Let u be (1 + 51